{"id":282,"date":"2025-04-13T16:51:01","date_gmt":"2025-04-13T16:51:01","guid":{"rendered":"https:\/\/andjela-petrovic.in.rs\/diplomski2\/?page_id=282"},"modified":"2025-04-13T16:51:36","modified_gmt":"2025-04-13T16:51:36","slug":"o-nama","status":"publish","type":"page","link":"https:\/\/andjela-petrovic.in.rs\/diplomski2\/o-nama\/","title":{"rendered":"O nama"},"content":{"rendered":"<div class=\"wp-block-cover\"><span aria-hidden=\"true\" class=\"wp-block-cover__background has-background-dim-70 has-background-dim\" style=\"background-color:#615e58\"><\/span><img loading=\"lazy\" decoding=\"async\" width=\"2560\" height=\"1706\" class=\"wp-block-cover__image-background wp-image-283\" alt=\"\" src=\"https:\/\/andjela-petrovic.in.rs\/diplomski2\/wp-content\/uploads\/2025\/04\/taras-khimchak-KSUcp0eVA8s-unsplash-scaled.jpg\" data-object-fit=\"cover\"\/><div class=\"wp-block-cover__inner-container is-layout-constrained wp-block-cover-is-layout-constrained\"><h2 class=\"wp-block-heading has-text-align-center has-ast-global-color-5-color has-text-color has-link-color has-large-font-size wp-elements-ad76a9d757f6bc72a0b34e122d68b0a8\"><strong>Dobrodo\u0161li na moju digitalnu vinsku pri\u010du!<\/strong><\/h2><\/div><\/div><div class=\"wp-block-group is-layout-constrained wp-block-group-is-layout-constrained\"><p>Ovaj sajt je nastao kao rezultat mog zavr\u0161nog rada, sa idejom da pribli\u017ei bogatstvo srpske vinske tradicije svima koji cene kvalitet, autenti\u010dnost i dobru pri\u010du iza svake boce vina. Kroz istra\u017eivanje, dizajn i razvoj, cilj mi je bio da spojim ljubav prema web dizajnu i strast prema vinskoj kulturi.<br>Na stranici \u0107ete prona\u0107i pa\u017eljivo odabrane informacije o srpskim vinarijama, vinskim sortama i vinskoj kulturi, predstavljene kroz moderan i funkcionalan veb interfejs. Pored promocije doma\u0107ih vina, sajt ima za cilj i da poka\u017ee kako digitalna re\u0161enja mogu doprineti ve\u0107oj vidljivosti tradicionalnih vrednosti.<\/p>\n\n<p>Zahvaljujem vam \u0161to ste deo ove pri\u010de. Nadam se da \u0107ete u\u017eivati u istra\u017eivanju sajta i otkrivanju sveta srpskih vina iz jednog druga\u010dijeg ugla \u2013 ugla dizajna, funkcionalnosti i strasti.<\/p><\/div>","protected":false},"excerpt":{"rendered":"<p>Ovaj sajt je nastao kao rezultat mog zavr\u0161nog rada, sa idejom da pribli\u017ei bogatstvo srpske vinske tradicije svima koji cene [&hellip;]<\/p>\n","protected":false},"author":1,"featured_media":0,"parent":0,"menu_order":0,"comment_status":"closed","ping_status":"closed","template":"","meta":{"site-sidebar-layout":"default","site-content-layout":"","ast-site-content-layout":"full-width-container","site-content-style":"default","site-sidebar-style":"default","ast-global-header-display":"","ast-banner-title-visibility":"","ast-main-header-display":"","ast-hfb-above-header-display":"","ast-hfb-below-header-display":"","ast-hfb-mobile-header-display":"","site-post-title":"disabled","ast-breadcrumbs-content":"","ast-featured-img":"","footer-sml-layout":"","theme-transparent-header-meta":"","adv-header-id-meta":"","stick-header-meta":"","header-above-stick-meta":"","header-main-stick-meta":"","header-below-stick-meta":"","astra-migrate-meta-layouts":"default","ast-page-background-enabled":"default","ast-page-background-meta":{"desktop":{"background-color":"var(--ast-global-color-5)","background-image":"","background-repeat":"repeat","background-position":"center center","background-size":"auto","background-attachment":"scroll","background-type":"","background-media":"","overlay-type":"","overlay-color":"","overlay-opacity":"","overlay-gradient":""},"tablet":{"background-color":"","background-image":"","background-repeat":"repeat","background-position":"center center","background-size":"auto","background-attachment":"scroll","background-type":"","background-media":"","overlay-type":"","overlay-color":"","overlay-opacity":"","overlay-gradient":""},"mobile":{"background-color":"","background-image":"","background-repeat":"repeat","background-position":"center center","background-size":"auto","background-attachment":"scroll","background-type":"","background-media":"","overlay-type":"","overlay-color":"","overlay-opacity":"","overlay-gradient":""}},"ast-content-background-meta":{"desktop":{"background-color":"var(--ast-global-color-4)","background-image":"","background-repeat":"repeat","background-position":"center center","background-size":"auto","background-attachment":"scroll","background-type":"","background-media":"","overlay-type":"","overlay-color":"","overlay-opacity":"","overlay-gradient":""},"tablet":{"background-color":"var(--ast-global-color-4)","background-image":"","background-repeat":"repeat","background-position":"center center","background-size":"auto","background-attachment":"scroll","background-type":"","background-media":"","overlay-type":"","overlay-color":"","overlay-opacity":"","overlay-gradient":""},"mobile":{"background-color":"var(--ast-global-color-4)","background-image":"","background-repeat":"repeat","background-position":"center center","background-size":"auto","background-attachment":"scroll","background-type":"","background-media":"","overlay-type":"","overlay-color":"","overlay-opacity":"","overlay-gradient":""}},"footnotes":""},"class_list":["post-282","page","type-page","status-publish","hentry"],"yoast_head":"<!-- This site is optimized with the Yoast SEO plugin v25.2 - https:\/\/yoast.com\/wordpress\/plugins\/seo\/ -->\n<title>O nama - Vinski kutak<\/title>\n<meta name=\"robots\" content=\"index, follow, max-snippet:-1, max-image-preview:large, max-video-preview:-1\" \/>\n<link rel=\"canonical\" href=\"https:\/\/andjela-petrovic.in.rs\/diplomski2\/o-nama\/\" \/>\n<meta property=\"og:locale\" content=\"bs_BA\" \/>\n<meta property=\"og:type\" content=\"article\" \/>\n<meta property=\"og:title\" content=\"O nama - Vinski kutak\" \/>\n<meta property=\"og:description\" content=\"Ovaj sajt je nastao kao rezultat mog zavr\u0161nog rada, sa idejom da pribli\u017ei bogatstvo srpske vinske tradicije svima koji cene [&hellip;]\" \/>\n<meta property=\"og:url\" content=\"https:\/\/andjela-petrovic.in.rs\/diplomski2\/o-nama\/\" \/>\n<meta property=\"og:site_name\" content=\"Vinski kutak\" \/>\n<meta property=\"article:publisher\" content=\"https:\/\/www.instagram.com\/andela.milacic\/\" \/>\n<meta property=\"article:modified_time\" content=\"2025-04-13T16:51:36+00:00\" \/>\n<meta property=\"og:image\" content=\"https:\/\/andjela-petrovic.in.rs\/diplomski2\/wp-content\/uploads\/2025\/04\/taras-khimchak-KSUcp0eVA8s-unsplash-scaled.jpg\" \/>\n\t<meta property=\"og:image:width\" content=\"2560\" \/>\n\t<meta property=\"og:image:height\" content=\"1706\" \/>\n\t<meta property=\"og:image:type\" content=\"image\/jpeg\" \/>\n<meta name=\"twitter:card\" content=\"summary_large_image\" \/>\n<meta name=\"twitter:label1\" content=\"Est. reading time\" \/>\n\t<meta name=\"twitter:data1\" content=\"1 minuta\" \/>\n<script type=\"application\/ld+json\" class=\"yoast-schema-graph\">{\"@context\":\"https:\/\/schema.org\",\"@graph\":[{\"@type\":\"WebPage\",\"@id\":\"https:\/\/andjela-petrovic.in.rs\/diplomski2\/o-nama\/\",\"url\":\"https:\/\/andjela-petrovic.in.rs\/diplomski2\/o-nama\/\",\"name\":\"O nama - Vinski kutak\",\"isPartOf\":{\"@id\":\"https:\/\/andjela-petrovic.in.rs\/diplomski2\/#website\"},\"primaryImageOfPage\":{\"@id\":\"https:\/\/andjela-petrovic.in.rs\/diplomski2\/o-nama\/#primaryimage\"},\"image\":{\"@id\":\"https:\/\/andjela-petrovic.in.rs\/diplomski2\/o-nama\/#primaryimage\"},\"thumbnailUrl\":\"https:\/\/andjela-petrovic.in.rs\/diplomski2\/wp-content\/uploads\/2025\/04\/taras-khimchak-KSUcp0eVA8s-unsplash-scaled.jpg\",\"datePublished\":\"2025-04-13T16:51:01+00:00\",\"dateModified\":\"2025-04-13T16:51:36+00:00\",\"breadcrumb\":{\"@id\":\"https:\/\/andjela-petrovic.in.rs\/diplomski2\/o-nama\/#breadcrumb\"},\"inLanguage\":\"bs-BA\",\"potentialAction\":[{\"@type\":\"ReadAction\",\"target\":[\"https:\/\/andjela-petrovic.in.rs\/diplomski2\/o-nama\/\"]}]},{\"@type\":\"ImageObject\",\"inLanguage\":\"bs-BA\",\"@id\":\"https:\/\/andjela-petrovic.in.rs\/diplomski2\/o-nama\/#primaryimage\",\"url\":\"https:\/\/andjela-petrovic.in.rs\/diplomski2\/wp-content\/uploads\/2025\/04\/taras-khimchak-KSUcp0eVA8s-unsplash-scaled.jpg\",\"contentUrl\":\"https:\/\/andjela-petrovic.in.rs\/diplomski2\/wp-content\/uploads\/2025\/04\/taras-khimchak-KSUcp0eVA8s-unsplash-scaled.jpg\",\"width\":2560,\"height\":1706},{\"@type\":\"BreadcrumbList\",\"@id\":\"https:\/\/andjela-petrovic.in.rs\/diplomski2\/o-nama\/#breadcrumb\",\"itemListElement\":[{\"@type\":\"ListItem\",\"position\":1,\"name\":\"Home\",\"item\":\"https:\/\/andjela-petrovic.in.rs\/diplomski2\/\"},{\"@type\":\"ListItem\",\"position\":2,\"name\":\"O nama\"}]},{\"@type\":\"WebSite\",\"@id\":\"https:\/\/andjela-petrovic.in.rs\/diplomski2\/#website\",\"url\":\"https:\/\/andjela-petrovic.in.rs\/diplomski2\/\",\"name\":\"Vinski kutak\",\"description\":\"Vrhunski ukus, doma\u0107i pe\u010dat\",\"publisher\":{\"@id\":\"https:\/\/andjela-petrovic.in.rs\/diplomski2\/#organization\"},\"potentialAction\":[{\"@type\":\"SearchAction\",\"target\":{\"@type\":\"EntryPoint\",\"urlTemplate\":\"https:\/\/andjela-petrovic.in.rs\/diplomski2\/?s={search_term_string}\"},\"query-input\":{\"@type\":\"PropertyValueSpecification\",\"valueRequired\":true,\"valueName\":\"search_term_string\"}}],\"inLanguage\":\"bs-BA\"},{\"@type\":\"Organization\",\"@id\":\"https:\/\/andjela-petrovic.in.rs\/diplomski2\/#organization\",\"name\":\"Vinski kutak\",\"url\":\"https:\/\/andjela-petrovic.in.rs\/diplomski2\/\",\"logo\":{\"@type\":\"ImageObject\",\"inLanguage\":\"bs-BA\",\"@id\":\"https:\/\/andjela-petrovic.in.rs\/diplomski2\/#\/schema\/logo\/image\/\",\"url\":\"https:\/\/andjela-petrovic.in.rs\/diplomski2\/wp-content\/uploads\/2025\/04\/vinski-kutak-logo-3-209x64-1.png\",\"contentUrl\":\"https:\/\/andjela-petrovic.in.rs\/diplomski2\/wp-content\/uploads\/2025\/04\/vinski-kutak-logo-3-209x64-1.png\",\"width\":209,\"height\":64,\"caption\":\"Vinski kutak\"},\"image\":{\"@id\":\"https:\/\/andjela-petrovic.in.rs\/diplomski2\/#\/schema\/logo\/image\/\"},\"sameAs\":[\"https:\/\/www.instagram.com\/andela.milacic\/\"]}]}<\/script>\n<!-- \/ Yoast SEO plugin. -->","yoast_head_json":{"title":"O nama - Vinski kutak","robots":{"index":"index","follow":"follow","max-snippet":"max-snippet:-1","max-image-preview":"max-image-preview:large","max-video-preview":"max-video-preview:-1"},"canonical":"https:\/\/andjela-petrovic.in.rs\/diplomski2\/o-nama\/","og_locale":"bs_BA","og_type":"article","og_title":"O nama - Vinski kutak","og_description":"Ovaj sajt je nastao kao rezultat mog zavr\u0161nog rada, sa idejom da pribli\u017ei bogatstvo srpske vinske tradicije svima koji cene [&hellip;]","og_url":"https:\/\/andjela-petrovic.in.rs\/diplomski2\/o-nama\/","og_site_name":"Vinski kutak","article_publisher":"https:\/\/www.instagram.com\/andela.milacic\/","article_modified_time":"2025-04-13T16:51:36+00:00","og_image":[{"width":2560,"height":1706,"url":"https:\/\/andjela-petrovic.in.rs\/diplomski2\/wp-content\/uploads\/2025\/04\/taras-khimchak-KSUcp0eVA8s-unsplash-scaled.jpg","type":"image\/jpeg"}],"twitter_card":"summary_large_image","twitter_misc":{"Est. reading time":"1 minuta"},"schema":{"@context":"https:\/\/schema.org","@graph":[{"@type":"WebPage","@id":"https:\/\/andjela-petrovic.in.rs\/diplomski2\/o-nama\/","url":"https:\/\/andjela-petrovic.in.rs\/diplomski2\/o-nama\/","name":"O nama - Vinski kutak","isPartOf":{"@id":"https:\/\/andjela-petrovic.in.rs\/diplomski2\/#website"},"primaryImageOfPage":{"@id":"https:\/\/andjela-petrovic.in.rs\/diplomski2\/o-nama\/#primaryimage"},"image":{"@id":"https:\/\/andjela-petrovic.in.rs\/diplomski2\/o-nama\/#primaryimage"},"thumbnailUrl":"https:\/\/andjela-petrovic.in.rs\/diplomski2\/wp-content\/uploads\/2025\/04\/taras-khimchak-KSUcp0eVA8s-unsplash-scaled.jpg","datePublished":"2025-04-13T16:51:01+00:00","dateModified":"2025-04-13T16:51:36+00:00","breadcrumb":{"@id":"https:\/\/andjela-petrovic.in.rs\/diplomski2\/o-nama\/#breadcrumb"},"inLanguage":"bs-BA","potentialAction":[{"@type":"ReadAction","target":["https:\/\/andjela-petrovic.in.rs\/diplomski2\/o-nama\/"]}]},{"@type":"ImageObject","inLanguage":"bs-BA","@id":"https:\/\/andjela-petrovic.in.rs\/diplomski2\/o-nama\/#primaryimage","url":"https:\/\/andjela-petrovic.in.rs\/diplomski2\/wp-content\/uploads\/2025\/04\/taras-khimchak-KSUcp0eVA8s-unsplash-scaled.jpg","contentUrl":"https:\/\/andjela-petrovic.in.rs\/diplomski2\/wp-content\/uploads\/2025\/04\/taras-khimchak-KSUcp0eVA8s-unsplash-scaled.jpg","width":2560,"height":1706},{"@type":"BreadcrumbList","@id":"https:\/\/andjela-petrovic.in.rs\/diplomski2\/o-nama\/#breadcrumb","itemListElement":[{"@type":"ListItem","position":1,"name":"Home","item":"https:\/\/andjela-petrovic.in.rs\/diplomski2\/"},{"@type":"ListItem","position":2,"name":"O nama"}]},{"@type":"WebSite","@id":"https:\/\/andjela-petrovic.in.rs\/diplomski2\/#website","url":"https:\/\/andjela-petrovic.in.rs\/diplomski2\/","name":"Vinski kutak","description":"Vrhunski ukus, doma\u0107i pe\u010dat","publisher":{"@id":"https:\/\/andjela-petrovic.in.rs\/diplomski2\/#organization"},"potentialAction":[{"@type":"SearchAction","target":{"@type":"EntryPoint","urlTemplate":"https:\/\/andjela-petrovic.in.rs\/diplomski2\/?s={search_term_string}"},"query-input":{"@type":"PropertyValueSpecification","valueRequired":true,"valueName":"search_term_string"}}],"inLanguage":"bs-BA"},{"@type":"Organization","@id":"https:\/\/andjela-petrovic.in.rs\/diplomski2\/#organization","name":"Vinski kutak","url":"https:\/\/andjela-petrovic.in.rs\/diplomski2\/","logo":{"@type":"ImageObject","inLanguage":"bs-BA","@id":"https:\/\/andjela-petrovic.in.rs\/diplomski2\/#\/schema\/logo\/image\/","url":"https:\/\/andjela-petrovic.in.rs\/diplomski2\/wp-content\/uploads\/2025\/04\/vinski-kutak-logo-3-209x64-1.png","contentUrl":"https:\/\/andjela-petrovic.in.rs\/diplomski2\/wp-content\/uploads\/2025\/04\/vinski-kutak-logo-3-209x64-1.png","width":209,"height":64,"caption":"Vinski kutak"},"image":{"@id":"https:\/\/andjela-petrovic.in.rs\/diplomski2\/#\/schema\/logo\/image\/"},"sameAs":["https:\/\/www.instagram.com\/andela.milacic\/"]}]}},"rttpg_featured_image_url":null,"rttpg_author":{"display_name":"andjela.petrovic","author_link":"https:\/\/andjela-petrovic.in.rs\/diplomski2\/author\/andjela-petrovic\/"},"rttpg_comment":0,"rttpg_category":null,"rttpg_excerpt":"Ovaj sajt je nastao kao rezultat mog zavr\u0161nog rada, sa idejom da pribli\u017ei bogatstvo srpske vinske tradicije svima koji cene [&hellip;]","_links":{"self":[{"href":"https:\/\/andjela-petrovic.in.rs\/diplomski2\/wp-json\/wp\/v2\/pages\/282","targetHints":{"allow":["GET"]}}],"collection":[{"href":"https:\/\/andjela-petrovic.in.rs\/diplomski2\/wp-json\/wp\/v2\/pages"}],"about":[{"href":"https:\/\/andjela-petrovic.in.rs\/diplomski2\/wp-json\/wp\/v2\/types\/page"}],"author":[{"embeddable":true,"href":"https:\/\/andjela-petrovic.in.rs\/diplomski2\/wp-json\/wp\/v2\/users\/1"}],"replies":[{"embeddable":true,"href":"https:\/\/andjela-petrovic.in.rs\/diplomski2\/wp-json\/wp\/v2\/comments?post=282"}],"version-history":[{"count":2,"href":"https:\/\/andjela-petrovic.in.rs\/diplomski2\/wp-json\/wp\/v2\/pages\/282\/revisions"}],"predecessor-version":[{"id":285,"href":"https:\/\/andjela-petrovic.in.rs\/diplomski2\/wp-json\/wp\/v2\/pages\/282\/revisions\/285"}],"wp:attachment":[{"href":"https:\/\/andjela-petrovic.in.rs\/diplomski2\/wp-json\/wp\/v2\/media?parent=282"}],"curies":[{"name":"wp","href":"https:\/\/api.w.org\/{rel}","templated":true}]}}